ts digit of ((-232)/(-6) + 3)*k?
5
Suppose 2*z = 3*g + 120664, -2*z = 19*g - 11*g - 120752. What is the tens digit of z?
4
Suppose 8*z + 12 - 204 = 0. Suppose 25*u = z*u + 236. What is the hundreds digit of u?
2
What is the thousands digit of (617 - 3)*((-5)/(-2) + 5)?
4
Let n(t) = 8850*t**2 + 5*t + 6. What is the units digit of n(-2)?
6
Let a(u) = 27*u**3 - 6*u**2 + 3*u - 12. Let r be a(5). Suppose -5*s = -11*s + r. What is the hundreds digit of s?
5
Suppose 5*f + 2*t + 160 = 0, -4*f + 3*t + 19 - 124 = 0. Let o = f + 32. Let n(d) = 10*d**2 - 6*d + 6. What is the tens digit of n(o)?
3
Let t(a) = -11*a + 1766. What is the hundreds digit of t(-48)?
2
Suppose 0 = 5*r + 4*v - 55682, -2*r + 26*v = 28*v - 22272. What is the tens digit of r?
3
Suppose 812*k + 484656 = 858*k. What is the units digit of k?
6
Let q = -52 - -60. Suppose 3*c - 55 = -q*c. Suppose -c*o = 4*v - 71 - 204, -5*o - 3*v = -280. What is the tens digit of o?
5
Suppose f + 1159 - 1111 = 0. What is the units digit of -4 + (-3 + f/(-18))*-2034?
4
Let d be (-34 - -97)*(2/3 + 0). Suppose -70 = 2*a - 2. Let u = d + a. What is the units digit of u?
8
Suppose x + 95 = 2*u, 0 = 3*u - 4*x - 63 - 72. Let k(j) = u*j + 5*j - 40 + 16*j. What is the tens digit of k(4)?
4
Suppose -n + 92 + 125 = 0. Let k = n - 138. What is the tens digit of k?
7
Suppose -z = 5*z - 3030. Suppose g - z = -4*q, -39 - 101 = -q - 3*g. Let i = q - -61. What is the hundreds digit of i?
1
Suppose -4*g + 6 = 3*b - 24, 55 = 5*g - 5*b. Let n be (-3)/((-4)/(48/g)). Suppose -3*z = z + 3*y - 470, -5*z - n*y = -587. What is the hundreds digit of z?
1
Let x(i) = i**2 - i**3 - 7 - 2*i + 0*i**3 + 19. Let l = -133 + 129. What is the tens digit of x(l)?
0
What is the thousands digit of (-8525 + -12)/(1/(-9))?
6
Let m = -29 + 34. Suppose -m*v + 627 = 6*v. What is the tens digit of v?
5
Let r(a) = -a + 5. Let s be r(-12). Let c(j) = 31*j + 9. Let b be c(s). Suppose -4*l = -4*g + b, -5*g + 667 = l - 3*l. What is the units digit of g?
3
Let s(c) = 16*c**2 - 44*c + 123. What is the hundreds digit of s(20)?
6
Let w(r) = 124*r - 193. Let j be w(7). What is the units digit of j + 0*(-5)/(-5)?
5
Suppose -d = -41 + 37. Let c(k) = 40*k - 53. What is the units digit of c(d)?
7
Let k be 3 - 6/4*(4 - 1654). Let b(t) = -5 - k*t - 3 + 2575*t. What is the tens digit of b(2)?
8
What is the tens digit of 134/67*(-3994)/8*-2?
9
Let n = -19249 + 22917. What is the thousands digit of n?
3
Suppose 2*x - 984 = -r + 7*x, 0 = 2*r + 4*x - 2038. Let u = r + -635. What is the units digit of u?
4
Suppose 90*j - 372152 - 611968 - 710040 = 0. What is the tens digit of j?
2
What is the tens digit of 357 + (-7)/((-49)/(-21))?
5
Let x be (2 - (0 - -1)) + (6 - 7). Suppose 5*c - 29*r = -27*r + 731, x = -r + 2. What is the units digit of c?
7
Suppose -4*v + 51832 = 4*m, 0 = -3*v - 186*m + 182*m + 38869. What is the ten thousands digit of v?
1
Let z(s) = -22*s - 43. Let b be z(-5). Suppose -h + b = 3*r - 44, -4*h - 60 = -2*r. What is the units digit of r?
6
Let d(s) = s + 95. Let i = -49 + 43. What is the tens digit of d(i)?
8
Suppose 4*b - 17*t = -20*t + 19647, 4*t + 4907 = b. Suppose -5*p + 5888 = 2*h, h - 1376 + b = 3*p. What is the hundreds digit of p?
1
Suppose 3*d + d - 8 = 0. Suppose -d*g - 5*p = -443, -5*g + p + 1064 = -p. What is the hundreds digit of g?
2
What is the units digit of (-2)/9 + 8020617/2295 + 18/(-30)?
4
Let b(c) be the third derivative of 19/24*c**4 + 22*c**2 - 7/6*c**3 + 0 + 0*c. What is the units digit of b(7)?
6
Suppose 5*t - 136212 = u, 10*t - 5*t + 5*u = 136230. What is the units digit of t?
3
What is the units digit of (-10)/(-20) - (-1564042)/76?
0
Let a be 42/8 - (-8)/(-32). Suppose 3*l + 110 = a*l. What is the units digit of l?
5
Let v(h) = 92*h - 16. Let r(x) = -47*x + 8. Let g(y) = -5*r(y) - 2*v(y). What is the tens digit of g(7)?
4
Suppose 0 = 3*x + 2 - 2. Let d be (872/(-10))/((-18)/45). Suppose h + d = 4*h + 2*t, x = 2*t - 8. What is the tens digit of h?
7
Let k(z) = 88*z**3 - 11*z**2 - 6*z + 25. What is the hundreds digit of k(3)?
2
Let w = 129 - 127. What is the hundreds digit of 102*(56/(-224))/(w/(-20))?
2
Suppose -4*x = -5*q - 20577, -3*q = -0*x + x - 5157. Let s be (x/(-110))/(-2 - 34/(-20)). Suppose m - s = -19. What is the tens digit of m?
3
Let f be 408/(-6 + (-32)/(-5)). Suppose -a = 5*a - f. What is the tens digit of a?
7
Suppose -9*k - 15 = -14*k. Suppose -8 = 2*s, 5*g + k*s - 300 = 4*g. Suppose -g = -9*y + 7*y. What is the hundreds digit of y?
1
What is the units digit of (112/(-40))/(42/(-88305))?
7
Let z be ((9 + -9)/(-1 + 3))/(-4). Suppose k - 606 = -2*v + 186, z = 4*k + 5*v - 3171. What is the hundreds digit of k?
7
Let i = 16671 + -8479. What is the hundreds digit of i?
1
Let g = -336 - -239. Let o(f) = -f**2 - 33*f + 17. Let a be o(-5). Let m = a + g. What is the tens digit of m?
6
Let o = 23 - 20. Suppose 4*h - 81 = u, -2*u + 7*u + 382 = -o*h. Let l = u + 120. What is the units digit of l?
3
Suppose 7*p - 2*p + n - 18144 = 0, -5*n + 14511 = 4*p. What is the tens digit of p?
2
Let z be 108/(-144) + (-138)/8. Let c(r) = -12*r - 73. What is the tens digit of c(z)?
4
Suppose -87933 = -725*g + 722*g + 3*i, i = 2*g - 58617. What is the ten thousands digit of g?
2
Let u(n) = -27*n**3 + 9*n**2 + 22*n + 8. Let l be u(-6). Suppose -21*z - l = -29*z. What is the hundreds digit of z?
7
Suppose 0 = -9*g - 9*g - 33*g + 65688. What is the hundreds digit of g?
2
Let x be (-4)/(-6) + 6/18*13. Suppose 8*h = x*h + 1128. Suppose -239 = -5*m + h. What is the units digit of m?
3
Let t(u) be the first derivative of 4*u**3/3 - 39*u**2/2 - 12*u - 52. What is the tens digit of t(18)?
8
Suppose 57 = 31*s - 67. Suppose 0 = -5*q - y + 1799, -3*q + s*q + 2*y = 358. What is the tens digit of q?
6
Suppose 5*q + s - 49818 = 0, -2*q + 4*s + 9951 = -q. What is the hundreds digit of q?
9
Let c = -8362 + 15754. What is the thousands digit of c?
7
Let b = 96 - 101. What is the hundreds digit of b/(-5) - -490 - 1?
4
Let i(s) = -314*s + 1058. What is the units digit of i(-12)?
6
Let q = 435 - 1933. Let z = 2172 + q. What is the hundreds digit of z?
6
Suppose -5*i = 11*v - 10*v - 22656, 4*i = -7*v + 158561. What is the ten thousands digit of v?
2
Let q = 37 + -32. Let c(d) = 1. Let f(s) = 20*s + 1. Let t(b) = 3*c(b) + f(b). What is the hundreds digit of t(q)?
1
Let z(v) = 798*v**2 - 16*v - 46. What is the thousands digit of z(-4)?
2
Suppose -7*a - 3*a = 710. Let l = 1 + a. Let k = l + 97. What is the tens digit of k?
2
Let s(j) = -3*j**3 + 91*j**2 + 24*j + 53. What is the thousands digit of s(27)?
7
Let n = 80 - 162. Let w = n - -518. What is the units digit of w?
6
Let u = 58 - 61. What is the tens digit of (-1435)/u - (4/3)/(-2)?
7
Let p(h) = -h**3 + 13*h**2 - 6*h - 53. Let t be p(12). Let j(d) = 2*d**2 - 2*d + 39. What is the tens digit of j(t)?
2
Let j(u) = 9*u + 247. Let b be j(-27). Let z(l) = 12*l**3 - 9*l**2 + 16*l - 2. What is the hundreds digit of z(b)?
6
Let d(m) = -71 - 8*m - 6*m - 134 + 66. What is the tens digit of d(-30)?
8
Suppose l = -577 + 10. Let o = -220 - l. What is the tens digit of o?
4
Let j = 33 - 46. Let g = 17 + j. Suppose g*o = 7*o - 171. What is the tens digit of o?
5
Suppose 38*q = 131950 - 34290. What is the tens digit of q?
7
Let f = 35282 + -17093. What is the thousands digit of f?
8
Suppose 85186 + 15420 = 17*i. What is the thousands digit of i?
5
Let t = 47 - 32. Suppose -5 = 2*w - 3*d, -w + t = 2*d - 0*d. Suppose -w*p = c + 7 - 83, -p - c = -16. What is the units digit of p?
5
Let n be -47 + 16 + (-1 - -7). What is the hundreds digit of (4/5)/(-2) - 7335/n?
2
Suppose 94819 - 271816 = -27*v + 328443. What is the tens digit of v?
2
Let f = 4589 - 2049. What is the hundreds digit of f?
5
What is the units digit of 8625 - 18*(-8)/(-18)?
7
What is the hundreds digit of ((-148)/36 - (-190)/171) + 173696/2?
8
Let l be 3/4 + (-28)/16. Let w(x) = -549*x**3 + 2*x**2 + 5*x + 3. What is the hundreds digit of w(l)?
5
Let b = -9 + 13. Suppose -18*q + 20*q - b = 0. Suppose -4*h = -q*z - 644, 5*h - 338 = 3*h + 5*z. What is the tens digit of h?
5
Let u(t) = -t**3 + 5*t - 2. Suppose 3*q = 6*q - 9. Suppose 4 = 2*n - q*p, -3*n = -4*p - 7 + 3. What is the units digit of u(n)?
2
Let z(l) = l**3 - 12*l**2 + 4*l - 46. Let x be z(12). Let 